{"id":67,"date":"2015-10-07T03:51:09","date_gmt":"2015-10-07T03:51:09","guid":{"rendered":"http:\/\/dev.joomexp.com\/wordpress\/wp-childcare\/?page_id=67"},"modified":"2021-03-04T16:22:17","modified_gmt":"2021-03-04T15:22:17","slug":"home","status":"publish","type":"page","link":"https:\/\/loczekanimator.pl\/","title":{"rendered":"Strona G\u0142\u00f3wna"},"content":{"rendered":"<p>[vc_row content_full_width=&#8221;1&#8243; css=&#8221;.vc_custom_1449712378281{margin-top: -12px !important;}&#8221;][vc_column][rev_slider_vc alias=&#8221;main&#8221;][\/vc_column][\/vc_row][vc_row content_full_width=&#8221;1&#8243; css=&#8221;.vc_custom_1451490112191{margin-top: -15px !important;padding-top: 49px !important;padding-bottom: 31px !important;background-image: url(http:\/\/dev.joomexp.com\/wordpress\/wp-childcare\/wp-content\/uploads\/2015\/10\/bg_row.png?id=677) !important;background-position: center !important;background-repeat: no-repeat !important;background-size: cover !important;}&#8221; el_class=&#8221;bg-img-none margin-t-40&#8243;][vc_column width=&#8221;1\/3&#8243; el_class=&#8221;border-right-1&#8243;][cms_fancybox_single content_align=&#8221;center&#8221; icon_type=&#8221;rticon&#8221; icon_rticon=&#8221;rt-icon-dribbble&#8221; title_item=&#8221;Gry i Zabawy&#8221; icon_color=&#8221;#ffffff&#8221; icon_wrapper_background_img=&#8221;88&#8243; cms_template=&#8221;cms_fancybox_single.php&#8221; description_item=&#8221;Dynamiczne zaj\u0119cia i gry gwarantuj\u0105 zwi\u0119kszenie sprawno\u015bci i popraw\u0119 umiej\u0119tno\u015bci motorycznych.&#8221;][\/vc_column][vc_column width=&#8221;1\/3&#8243; el_class=&#8221;border-right-1&#8243;][cms_fancybox_single content_align=&#8221;center&#8221; icon_type=&#8221;rticon&#8221; icon_rticon=&#8221;rt-icon-bubble&#8221; title_item=&#8221;Prowadzenie Imprez&#8221; icon_color=&#8221;#ffffff&#8221; icon_wrapper_background_img=&#8221;88&#8243; cms_template=&#8221;cms_fancybox_single.php&#8221; description_item=&#8221;Rozmowa, zabawianie, \u017carty &#8211; wszystko czego trzeba do dobrego przyj\u0119cia&#8221;][\/vc_column][vc_column width=&#8221;1\/3&#8243;][cms_fancybox_single content_align=&#8221;center&#8221; icon_type=&#8221;rticon&#8221; icon_rticon=&#8221;rt-icon-pen2&#8243; title_item=&#8221;Muzyka i Sztuka&#8221; icon_color=&#8221;#ffffff&#8221; icon_wrapper_background_img=&#8221;88&#8243; cms_template=&#8221;cms_fancybox_single.php&#8221; description_item=&#8221;\u015apiew, Instrumenty, \u015awiat\u0142a, Dym &#8211; zawsze s\u0105 moim wsparciem&#8221;][\/vc_column][\/vc_row][vc_row content_full_width=&#8221;1&#8243; same_height=&#8221;1&#8243; overflow_hidden=&#8221;1&#8243;][vc_column width=&#8221;1\/2&#8243; css=&#8221;.vc_custom_1556745668115{padding-right: 0px !important;padding-left: 0px !important;background-image: url(http:\/\/loczekanimator.pl\/wp-content\/uploads\/2019\/04\/020a.jpg?id=1336) !important;background-position: center !important;background-repeat: no-repeat !important;background-size: cover !important;}&#8221; el_class=&#8221;full-height&#8221;][\/vc_column][vc_column width=&#8221;1\/2&#8243; content_vertical_center=&#8221;true&#8221; el_class=&#8221;pdr-120&#8243; css=&#8221;.vc_custom_1451463634725{padding-top: 108px !important;padding-bottom: 105px !important;}&#8221;][vc_custom_heading text=&#8221;Loczekanimator&#8221; font_container=&#8221;tag:h4|text_align:left|color:%23ed2526&#8243; google_fonts=&#8221;font_family:Damion%3Aregular%2Citalic%2C700%2C700italic|font_style:400%20regular%3A400%3Anormal&#8221;][vc_empty_space height=&#8221;20px&#8221;][vc_custom_heading text=&#8221;O Loczku!&#8221; google_fonts=&#8221;font_family:Mouse%20Memoirs%3Aregular%2Citalic%2C700%2C700italic|font_style:400%20regular%3A400%3Anormal&#8221;][vc_empty_space height=&#8221;54px&#8221;][vc_column_text font_size=&#8221;24px&#8221;]Witam. Mam na imi\u0119 Tomek. Zabawami z dzie\u0107mi zajmuj\u0119 si\u0119 12 lat. Pseudonim Loczek towarzyszy mi ju\u017c od najm\u0142odszych lat. Loki na g\u0142owie to taki znak rozpoznawczy (chocia\u017c ju\u017c jest ich mniej :))[\/vc_column_text][vc_empty_space height=&#8221;46px&#8221;][vc_column_text]Pasja bo tak trzeba nazwa\u0107 to czym si\u0119 zajmuj\u0119 zrodzi\u0142a si\u0119 przypadkowo kiedy to pierwszy raz pojecha\u0142em na du\u017cy piknik organizowany na terenie Szczecina. Tego dnia moim zadaniem by\u0142o zabawi\u0107 dzieciaki pod scen\u0105. Okaza\u0142o si\u0119, \u017ce bardzo szybko z\u0142apali\u015bmy wsp\u00f3lny kontakt a zakr\u0119cone zabawy by\u0142y tylko tego potwierdzeniem. Wtedy te\u017c zrozumia\u0142em, \u017ce to jest praca a raczej wspomniana pasja kt\u00f3r\u0105 chce si\u0119 zajmowa\u0107.<\/p>\n<p>Przez ten czas spotka\u0142o mnie bardzo du\u017co dobrych rzeczy. Uko\u0144czy\u0142em Akademie Sztuki w Szczecinie. Otworzy\u0142em w\u0142asne przedszkole. Przeprowadzi\u0142em setki udanych imprez. Za\u0142o\u017cy\u0142em cudown\u0105 rodzin\u0119 i wiele wiele wi\u0119cej[\/vc_column_text][vc_empty_space height=&#8221;20px&#8221;][vc_custom_heading text=&#8221;Gdzie mo\u017cna mnie zobaczy\u0107?&#8221; google_fonts=&#8221;font_family:Mouse%20Memoirs%3Aregular%2Citalic%2C700%2C700italic|font_style:400%20regular%3A400%3Anormal&#8221;][vc_empty_space height=&#8221;54px&#8221;][vc_row_inner][vc_column_inner offset=&#8221;vc_col-lg-6&#8243;][cms_fancybox_single icon_type=&#8221;rticon&#8221; icon_rticon=&#8221;rt-icon-star&#8221; title_item=&#8221;Festyny&#8221; box_padding=&#8221;0 0 10px 0&#8243; icon_wrapper_background_img=&#8221;131&#8243; icon_size=&#8221;21px&#8221; cms_template=&#8221;cms_fancybox_single&#8211;layout1.php&#8221;][cms_fancybox_single icon_type=&#8221;rticon&#8221; icon_rticon=&#8221;rt-icon-like&#8221; title_item=&#8221;Pikniki&#8221; box_padding=&#8221;0 0 10px 0&#8243; icon_wrapper_background_img=&#8221;131&#8243; cms_template=&#8221;cms_fancybox_single&#8211;layout1.php&#8221;][cms_fancybox_single icon_type=&#8221;rticon&#8221; icon_rticon=&#8221;rt-icon-bulb&#8221; title_item=&#8221;Bale&#8221; icon_wrapper_background_img=&#8221;131&#8243; cms_template=&#8221;cms_fancybox_single&#8211;layout1.php&#8221;][\/vc_column_inner][vc_column_inner el_class=&#8221;margin-t-20&#8243; offset=&#8221;vc_col-lg-6&#8243;][cms_fancybox_single icon_type=&#8221;rticon&#8221; icon_rticon=&#8221;rt-icon-music&#8221; title_item=&#8221;Dyskoteki&#8221; box_padding=&#8221;0 0 10px 0&#8243; icon_wrapper_background_img=&#8221;131&#8243; cms_template=&#8221;cms_fancybox_single&#8211;layout1.php&#8221;][cms_fancybox_single icon_type=&#8221;rticon&#8221; icon_rticon=&#8221;rt-icon-bubble&#8221; title_item=&#8221;Urodziny&#8221; box_padding=&#8221;0 0 10px 0&#8243; icon_wrapper_background_img=&#8221;131&#8243; cms_template=&#8221;cms_fancybox_single&#8211;layout1.php&#8221;][\/vc_column_inner][\/vc_row_inner][vc_column_text]&#8230;. i wsz\u0119dzie tam gdzie rado\u015b\u0107 i zakr\u0119cona zabawa przeplata si\u0119 wzajemnie :)[\/vc_column_text][vc_empty_space height=&#8221;20px&#8221;][vc_custom_heading text=&#8221;Co potrafi\u0119?&#8221; google_fonts=&#8221;font_family:Mouse%20Memoirs%3Aregular%2Citalic%2C700%2C700italic|font_style:400%20regular%3A400%3Anormal&#8221;][vc_empty_space height=&#8221;54px&#8221;][vc_row_inner][vc_column_inner offset=&#8221;vc_col-lg-6&#8243;][cms_fancybox_single icon_type=&#8221;rticon&#8221; icon_rticon=&#8221;rt-icon-star&#8221; title_item=&#8221;Przeprowadzam zabawy i konkurencje w zakr\u0119cony i odjazdowy spos\u00f3b&#8221; box_padding=&#8221;0 0 10px 0&#8243; icon_wrapper_background_img=&#8221;131&#8243; icon_size=&#8221;21px&#8221; cms_template=&#8221;cms_fancybox_single&#8211;layout1.php&#8221;][cms_fancybox_single icon_type=&#8221;rticon&#8221; icon_rticon=&#8221;rt-icon-music&#8221; title_item=&#8221;\u015apiewam i gram na instrumencie&#8221; box_padding=&#8221;0 0 10px 0&#8243; icon_wrapper_background_img=&#8221;131&#8243; cms_template=&#8221;cms_fancybox_single&#8211;layout1.php&#8221;][cms_fancybox_single icon_type=&#8221;rticon&#8221; icon_rticon=&#8221;rt-icon-bulb&#8221; title_item=&#8221;U\u017cywam dyskotekowych \u015bwiate\u0142&#8221; icon_wrapper_background_img=&#8221;131&#8243; cms_template=&#8221;cms_fancybox_single&#8211;layout1.php&#8221;][\/vc_column_inner][vc_column_inner el_class=&#8221;margin-t-20&#8243; offset=&#8221;vc_col-lg-6&#8243;][cms_fancybox_single icon_type=&#8221;rticon&#8221; icon_rticon=&#8221;rt-icon-diamond&#8221; title_item=&#8221;dym\/laser\/ba\u0144ski\/\u015bnieg&#8221; box_padding=&#8221;0 0 10px 0&#8243; icon_wrapper_background_img=&#8221;131&#8243; cms_template=&#8221;cms_fancybox_single&#8211;layout1.php&#8221;][cms_fancybox_single icon_type=&#8221;rticon&#8221; icon_rticon=&#8221;rt-icon-gamepad&#8221; title_item=&#8221;Pos\u0142uguj\u0119 si\u0119 zakr\u0119conymi gad\u017cetami do gier i konkurs\u00f3w&#8221; box_padding=&#8221;0 0 10px 0&#8243; icon_wrapper_background_img=&#8221;131&#8243; cms_template=&#8221;cms_fancybox_single&#8211;layout1.php&#8221;][\/vc_column_inner][\/vc_row_inner][\/vc_column][\/vc_row][vc_row overflow_hidden=&#8221;1&#8243; bg_style=&#8221;img_fixed&#8221; css=&#8221;.vc_custom_1450086747513{margin-top: -1px !important;padding-top: 84px !important;padding-bottom: 90px !important;background-image: url(http:\/\/dev.joomexp.com\/wordpress\/wp-childcare\/wp-content\/uploads\/2015\/10\/bga.jpg?id=559) !important;}&#8221; el_class=&#8221;pad-lr-15&#8243;][vc_column center_content=&#8221;true&#8221; css=&#8221;.vc_custom_1449804518883{padding-right: 0px !important;padding-left: 0px !important;}&#8221;][vc_column_text font_size=&#8221;24px&#8221; text_color=&#8221;#ffffff&#8221; css=&#8221;.vc_custom_1556746436969{padding-right: 15px !important;padding-left: 15px !important;}&#8221;]<\/p>\n<p style=\"text-align: center;\"><span class=\"cs-highlight-style-1\">Zapraszam serdecznie na mojego bloga<\/span><\/p>\n<p style=\"text-align: center;\">Zerknij na posty poni\u017cej i zobacz co ostatnio si\u0119 dzia\u0142o!<\/p>\n<p>[\/vc_column_text][vc_empty_space height=&#8221;84px&#8221;][cms_carousel xsmall_items=&#8221;1&#8243; small_items=&#8221;2&#8243; medium_items=&#8221;3&#8243; large_items=&#8221;3&#8243; margin=&#8221;30&#8243; loop=&#8221;false&#8221; dots=&#8221;false&#8221; autoplay=&#8221;false&#8221; l_icon_fontawesome=&#8221;fa fa-angle-left&#8221; r_icon_fontawesome=&#8221;fa fa-angle-right&#8221; crs_layout_style=&#8221;style-1&#8243; crs_primary_color=&#8221;#ed2526&#8243; primary_color=&#8221;#ed2526&#8243; source=&#8221;size:10|order_by:date|post_type:post|remove_query:4,8,6,10,5,7,9&#8243; cms_template=&#8221;cms_carousel.php&#8221;][vc_empty_space height=&#8221;90px&#8221;][\/vc_column][\/vc_row][vc_row content_full_width=&#8221;1&#8243; css=&#8221;.vc_custom_1449026822137{padding-bottom: 10px !important;}&#8221;][vc_column css=&#8221;.vc_custom_1445832426544{padding-right: 0px !important;padding-left: 0px !important;}&#8221;][cms_special_carousel width_item=&#8221;815&#8243; height_item=&#8221;434&#8243; show_nav=&#8221;1&#8243; show_dots=&#8221;1&#8243; icon_background_image=&#8221;267&#8243; source=&#8221;size:10|order_by:date|post_type:post|remove_query:16&#8243; cms_template=&#8221;cms_special_carousel.php&#8221;][\/vc_column][\/vc_row][vc_row content_full_width=&#8221;1&#8243; css=&#8221;.vc_custom_1450622317264{padding-top: 82px !important;padding-bottom: 110px !important;}&#8221; el_class=&#8221;padding-lr-120&#8243;][vc_column width=&#8221;1\/2&#8243; offset=&#8221;vc_col-lg-3 vc_col-md-6&#8243; el_class=&#8221;padding-lr-15&#8243;][vc_custom_heading text=&#8221;KONTAKT&#8221; font_container=&#8221;tag:h3|font_size:40px|text_align:left|line_height:45px&#8221; google_fonts=&#8221;font_family:Mouse%20Memoirs%3Aregular%2Citalic%2C700%2C700italic|font_style:400%20regular%3A400%3Anormal&#8221; css=&#8221;.vc_custom_1574114088237{margin-top: 30px !important;}&#8221;]<div role=\"form\" class=\"wpcf7\" id=\"wpcf7-f530-o1\" lang=\"en-US\" dir=\"ltr\">\n<div class=\"screen-reader-response\"><p role=\"status\" aria-live=\"polite\" aria-atomic=\"true\"><\/p> <ul><\/ul><\/div>\n<form action=\"\/index.php\/wp-json\/wp\/v2\/pages\/67#wpcf7-f530-o1\" method=\"post\" class=\"wpcf7-form init\" novalidate=\"novalidate\" data-status=\"init\">\n<div style=\"display: none;\">\n<input type=\"hidden\" name=\"_wpcf7\" value=\"530\" \/>\n<input type=\"hidden\" name=\"_wpcf7_version\" value=\"5.4\" \/>\n<input type=\"hidden\" name=\"_wpcf7_locale\" value=\"en_US\" \/>\n<input type=\"hidden\" name=\"_wpcf7_unit_tag\" value=\"wpcf7-f530-o1\" \/>\n<input type=\"hidden\" name=\"_wpcf7_container_post\" value=\"0\" \/>\n<input type=\"hidden\" name=\"_wpcf7_posted_data_hash\" value=\"\" \/>\n<\/div>\n<div class=\"contact-form contact-form-1\">\n<p><i class=\"rt-icon-user3\"><\/i><span class=\"wpcf7-form-control-wrap your-name\"><input type=\"text\" name=\"your-name\" value=\"\" size=\"40\" class=\"wpcf7-form-control wpcf7-text wpcf7-validates-as-required\" aria-required=\"true\" aria-invalid=\"false\" placeholder=\"Imi\u0119 i Nazwisko\" \/><\/span><\/p>\n<p><i class=\"rt-icon-phone2\"><\/i><span class=\"wpcf7-form-control-wrap your-tel\"><input type=\"tel\" name=\"your-tel\" value=\"\" size=\"40\" class=\"wpcf7-form-control wpcf7-text wpcf7-tel wpcf7-validates-as-required wpcf7-validates-as-tel\" aria-required=\"true\" aria-invalid=\"false\" placeholder=\"Numer Telefonu\" \/><\/span><\/p>\n<p><i class=\"rt-icon-pen2\"><\/i><span class=\"wpcf7-form-control-wrap your-message\"><textarea name=\"your-message\" cols=\"40\" rows=\"10\" class=\"wpcf7-form-control wpcf7-textarea\" aria-invalid=\"false\" placeholder=\"Wiadomo\u015b\u0107\"><\/textarea><\/span><\/p>\n<p class=\"submit\"><input type=\"submit\" value=\"Wy\u015blij\" class=\"wpcf7-form-control wpcf7-submit\" \/><\/p>\n<\/div>\n<div class=\"wpcf7-response-output\" aria-hidden=\"true\"><\/div><\/form><\/div>[\/vc_column][vc_column width=&#8221;1\/2&#8243; offset=&#8221;vc_col-lg-3 vc_col-md-6&#8243; el_class=&#8221;padding-lr-15&#8243; css=&#8221;.vc_custom_1450807090089{margin-top: 30px !important;}&#8221;][vc_custom_heading text=&#8221;MOJE VIDEO&#8221; font_container=&#8221;tag:h3|font_size:40px|text_align:left|line_height:45px&#8221; google_fonts=&#8221;font_family:Mouse%20Memoirs%3Aregular%2Citalic%2C700%2C700italic|font_style:400%20regular%3A400%3Anormal&#8221;][vc_video link=&#8221;https:\/\/www.facebook.com\/loczekanimator\/videos\/202171773727173\/&#8221; css=&#8221;.vc_custom_1574682421903{margin-top: 52px !important;}&#8221;][vc_custom_heading text=&#8221;Zerknij na moj\u0105 prezentacj\u0119 video&#8221; font_container=&#8221;tag:h4|text_align:left|color:%234b4b4b&#8221; google_fonts=&#8221;font_family:Roboto%3A100%2C100italic%2C300%2C300italic%2Cregular%2Citalic%2C500%2C500italic%2C700%2C700italic%2C900%2C900italic|font_style:100%20light%20regular%3A100%3Anormal&#8221; css=&#8221;.vc_custom_1556752125456{margin-top: 54px !important;margin-bottom: 15px !important;}&#8221;][\/vc_column][vc_column width=&#8221;1\/2&#8243; offset=&#8221;vc_col-lg-3 vc_col-md-6&#8243; el_class=&#8221;padding-lr-15 both&#8221; css=&#8221;.vc_custom_1450807097270{margin-top: 30px !important;}&#8221;][vc_custom_heading text=&#8221;BLOG&#8221; font_container=&#8221;tag:h3|font_size:40px|text_align:left|line_height:45px&#8221; google_fonts=&#8221;font_family:Mouse%20Memoirs%3Aregular%2Citalic%2C700%2C700italic|font_style:400%20regular%3A400%3Anormal&#8221;][cms_recent_posts number_post=&#8221;3&#8243; meta_color=&#8221;#ed2526&#8243; cms_template=&#8221;cms_recent_posts.php&#8221;][\/vc_column][vc_column width=&#8221;1\/2&#8243; offset=&#8221;vc_col-lg-3 vc_col-md-6&#8243; css=&#8221;.vc_custom_1448850587466{margin-top: 30px !important;}&#8221;][vc_custom_heading text=&#8221;GALERIA&#8221; font_container=&#8221;tag:h3|font_size:40px|text_align:left|line_height:45px&#8221; google_fonts=&#8221;font_family:Mouse%20Memoirs%3Aregular%2Citalic%2C700%2C700italic|font_style:400%20regular%3A400%3Anormal&#8221;][vc_empty_space height=&#8221;52px&#8221;][vc_gallery type=&#8221;image_grid&#8221; images=&#8221;12,13,10,14,7,9,8,21,23,19,18,17,24,26,27,29&#8243; img_size=&#8221;90&#215;90&#8243;][\/vc_column][\/vc_row][vc_row][vc_column][vc_raw_html]JTNDYSUyMGhyZWYlM0QlMjJodHRwcyUzQSUyRiUyRnd3dy53ZXNlbGV6a2xhc2EucGwlMkZvZ2xvc3plbmlhLXdlc2VsbmUlMkZkam11enlrLWxva3VzLXRvbWFzei1tYXpld3NraSUyQzIzODU2JTJGJTIyJTIwdGFyZ2V0JTNEJTIyX2JsYW5rJTIyJTIwdGl0bGUlM0QlMjJkaiUyRm11enlrJTIwTG9rdXMlMjAtJTIwVG9tYXN6JTIwTWElQzUlQkNld3NraSUyMiUzRSUzQ2ltZyUyMHNyYyUzRCUyMmh0dHBzJTNBJTJGJTJGd3d3Lndlc2VsZXprbGFzYS5wbCUyRmJhbmVyeSUyRldlc2VsZXprbGFzYSUyRm9nbG9zemVuaWU5NzB4OTBfMS5naWYlMjIlMjBhbHQlM0QlMjJkaiUyRm11enlrJTIwTG9rdXMlMjAtJTIwVG9tYXN6JTIwTWElQzUlQkNld3NraSUyMiUyMGJvcmRlciUzRCUyMjAlMjIlMjAlMkYlM0UlM0MlMkZhJTNF[\/vc_raw_html][\/vc_column][\/vc_row]<\/p>\n","protected":false},"excerpt":{"rendered":"<p>[vc_row content_full_width=&#8221;1&#8243; css=&#8221;.vc_custom_1449712378281{margin-top: -12px !important;}&#8221;][vc_column][rev_slider_vc alias=&#8221;main&#8221;][\/vc_column][\/vc_row][vc_row content_full_width=&#8221;1&#8243; css=&#8221;.vc_custom_1451490112191{margin-top: -15px !important;padding-top: 49px !important;padding-bottom: 31px !important;background-image: url(http:\/\/dev.joomexp.com\/wordpress\/wp-childcare\/wp-content\/uploads\/2015\/10\/bg_row.png?id=677) !important;background-position: center !important;background-repeat: no-repeat !important;background-size: cover !important;}&#8221; el_class=&#8221;bg-img-none margin-t-40&#8243;][vc_column width=&#8221;1\/3&#8243; el_class=&#8221;border-right-1&#8243;][cms_fancybox_single content_align=&#8221;center&#8221; icon_type=&#8221;rticon&#8221; icon_rticon=&#8221;rt-icon-dribbble&#8221; title_item=&#8221;Gry i Zabawy&#8221; icon_color=&#8221;#ffffff&#8221; icon_wrapper_background_img=&#8221;88&#8243; cms_template=&#8221;cms_fancybox_single.php&#8221; description_item=&#8221;Dynamiczne zaj\u0119cia i gry gwarantuj\u0105 zwi\u0119kszenie sprawno\u015bci i popraw\u0119 umiej\u0119tno\u015bci motorycznych.&#8221;][\/vc_column][vc_column width=&#8221;1\/3&#8243; el_class=&#8221;border-right-1&#8243;][cms_fancybox_single content_align=&#8221;center&#8221; icon_type=&#8221;rticon&#8221; icon_rticon=&#8221;rt-icon-bubble&#8221; title_item=&#8221;Prowadzenie Imprez&#8221; icon_color=&#8221;#ffffff&#8221; icon_wrapper_background_img=&#8221;88&#8243; [&hellip;]<\/p>\n","protected":false},"author":1,"featured_media":0,"parent":0,"menu_order":0,"comment_status":"closed","ping_status":"closed","template":"","meta":[],"_links":{"self":[{"href":"https:\/\/loczekanimator.pl\/index.php\/wp-json\/wp\/v2\/pages\/67"}],"collection":[{"href":"https:\/\/loczekanimator.pl\/index.php\/wp-json\/wp\/v2\/pages"}],"about":[{"href":"https:\/\/loczekanimator.pl\/index.php\/wp-json\/wp\/v2\/types\/page"}],"author":[{"embeddable":true,"href":"https:\/\/loczekanimator.pl\/index.php\/wp-json\/wp\/v2\/users\/1"}],"replies":[{"embeddable":true,"href":"https:\/\/loczekanimator.pl\/index.php\/wp-json\/wp\/v2\/comments?post=67"}],"version-history":[{"count":40,"href":"https:\/\/loczekanimator.pl\/index.php\/wp-json\/wp\/v2\/pages\/67\/revisions"}],"predecessor-version":[{"id":1563,"href":"https:\/\/loczekanimator.pl\/index.php\/wp-json\/wp\/v2\/pages\/67\/revisions\/1563"}],"wp:attachment":[{"href":"https:\/\/loczekanimator.pl\/index.php\/wp-json\/wp\/v2\/media?parent=67"}],"curies":[{"name":"wp","href":"https:\/\/api.w.org\/{rel}","templated":true}]}}